 is the hundreds digit of 34565405?
4
What is the ten thousands digit of 64087195?
8
What is the billions digit of 1969542861?
1
What is the units digit of 82540068?
8
What is the hundreds digit of 351122038?
0
What is the hundreds digit of 46062258?
2
What is the units digit of 673030922?
2
What is the ten millions digit of 28194501?
2
What is the tens digit of 161507650?
5
What is the hundred thousands digit of 3096747?
0
What is the tens digit of 6995223476?
7
What is the tens digit of 924692955?
5
What is the ten thousands digit of 40369627?
6
What is the hundred thousands digit of 635022437?
0
What is the ten millions digit of 128084959?
2
What is the thousands digit of 270523309?
3
What is the ten thousands digit of 25373807?
7
What is the units digit of 1126926319?
9
What is the hundred thousands digit of 54807681?
8
What is the units digit of 4076022798?
8
What is the tens digit of 89205810?
1
What is the ten thousands digit of 1523411922?
1
What is the hundred thousands digit of 95873770?
8
What is the ten millions digit of 13677055?
1
What is the hundred millions digit of 3115338615?
1
What is the hundreds digit of 44701107?
1
What is the hundred thousands digit of 371728743?
7
What is the units digit of 144247167?
7
What is the hundred thousands digit of 50272485?
2
What is the tens digit of 34994712?
1
What is the hundreds digit of 286420074?
0
What is the thousands digit of 1044469093?
9
What is the hundred thousands digit of 460352508?
3
What is the ten millions digit of 591024031?
9
What is the ten thousands digit of 452807605?
0
What is the tens digit of 5056844533?
3
What is the tens digit of 803527472?
7
What is the units digit of 705640480?
0
What is the ten millions digit of 600846935?
0
What is the units digit of 192048765?
5
What is the hundreds digit of 3289901118?
1
What is the units digit of 98276893?
3
What is the thousands digit of 41147603?
7
What is the ten millions digit of 103958248?
0
What is the millions digit of 9533748?
9
What is the units digit of 1321689056?
6
What is the millions digit of 197112175?
7
What is the hundreds digit of 1303413377?
3
What is the ten millions digit of 975554870?
7
What is the hundred millions digit of 287881067?
2
What is the hundred millions digit of 769507600?
7
What is the ten thousands digit of 143579604?
7
What is the tens digit of 184650023?
2
What is the units digit of 65671371?
1
What is the units digit of 613019055?
5
What is the tens digit of 1403577293?
9
What is the ten thousands digit of 363236994?
3
What is the tens digit of 155666034?
3
What is the hundreds digit of 22771010?
0
What is the ten millions digit of 101400531?
0
What is the millions digit of 517871016?
7
What is the hundreds digit of 64342801?
8
What is the hundreds digit of 296177056?
0
What is the thousands digit of 17613217?
3
What is the units digit of 685991262?
2
What is the hundred millions digit of 5073997504?
0
What is the thousands digit of 372469891?
9
What is the ten thousands digit of 11644426?
4
What is the ten thousands digit of 4466180311?
8
What is the hundred millions digit of 106883498?
1
What is the units digit of 1818018502?
2
What is the units digit of 16590864?
4
What is the units digit of 45957547?
7
What is the millions digit of 52881427?
2
What is the millions digit of 706492480?
6
What is the units digit of 2493440629?
9
What is the millions digit of 944582247?
4
What is the tens digit of 252614704?
0
What is the hundred thousands digit of 57416463?
4
What is the thousands digit of 904847362?
7
What is the units digit of 771300494?
4
What is the hundreds digit of 127995699?
6
What is the tens digit of 1358104428?
2
What is the ten thousands digit of 304172223?
7
What is the hundreds digit of 43434123?
1
What is the millions digit of 3333074197?
3
What is the hundreds digit of 593550134?
1
What is the ten thousands digit of 389490768?
9
What is the millions digit of 24782322?
4
What is the millions digit of 8156561?
8
What is the hundreds digit of 739435063?
0
What is the hundreds digit of 28525726?
7
What is the hundreds digit of 691907316?
3
What is the billions digit of 1664713532?
1
What is the tens digit of 1701148271?
7
What is the hundred millions digit of 1817800902?
8
What is the hundred millions digit of 221183288?
2
What is the units digit of 4260105092?
2
What is the ten thousands digit of 3395154441?
5
What is the hundred millions digit of 322746323?
3
What is the thousands digit of 78419318?
9
What is the hundreds digit of 361507102?
1
What is the millions digit of 918396446?
8
What is the ten millions digit of 101919518?
0
What is the units digit of 175274713?
3
What is the millions digit of 63519899?
3
What is the thousands digit of 74176918?
6
What is the billions digit of 3851797933?
3
What is the billions digit of 2628256446?
2
What is the ten thousands digit of 69422666?
2
What is the ten millions digit of 10819658?
1
What is the ten thousands digit of 9403038?
0
What is the thousands digit of 324719803?
9
What is the units digit of 391564042?
2
What is the billions digit of 5215471722?
5
What is the hundreds digit of 93024535?
5
What is the billions digit of 1039780414?
1
What is the hundreds digit of 816251750?
7
What is the millions digit of 4592092?
4
What is the thousands digit of 2470724190?
4
What is the hundred thousands digit of 5373342611?
3
What is the units digit of 9278089081?
1
What is the hundreds digit of 163015329?
3
What is the hundred millions digit of 390522648?
3
What is the ten millions digit of 372680104?
7
What is the hundred thousands digit of 51368502?
3
What is the ten millions digit of 14724969?
1
What is the hundred millions digit of 5054113118?
0
What is the ten thousands digit of 18141190?
4
What is the units digit of 59053019?
9
What is the tens digit of 378661563?
6
What is the millions digit of 145984915?
5
What is the tens digit of 163158284?
8
What is the millions digit of 130115045?
0
What is the tens digit of 465385331?
3
What is the hundred millions digit of 429361187?
4
What is the millions digit of 1235009503?
5
What is the ten millions digit of 52434756?
5
What is the hundred thousands digit of 64677356?
6
What is the units digit of 396658870?
0
What is the millions digit of 5100792716?
0
What is the millions digit of 26780239?
6
What is the hundreds digit of 1145333926?
9
What is the ten thousands digit of 487557444?
5
What is the ten thousands digit of 25926288?
2
What is the hundreds digit of 13183658?
6
What is the millions digit of 868710393?
8
What is the units digit of 61260389?
9
What is the thousands digit of 272456203?
6
What is the thousands digit of 279228443?
8
What is the thousands digit of 1636673310?
3
What is the millions digit of 30604073?
0
What is the hundreds digit of 474980789?
7
What is the tens digit of 232877620?
2
What is the ten millions digit of 1470681844?
7
What is the ten thousands digit of 150363784?
6
What is the ten millions digit of 497614412?
9
What is the hundreds digit of 1066307878?
8
What is the hundred thousands digit of 30594277?
5
What is the units digit of 205950653?
3
What is the hundreds digit of 3084685688?
6
What is the hundreds digit of 13594648?
6
What is the hundreds digit of 22211266?
2
What is the ten millions digit of 1541348989?
4
What is the hundreds digit of 1117292937?
9
What is the billions digit of 1808754406?
1
What is the hundred millions digit of 256801935?
2
What is the hundreds digit of 348974483?
4
What is the hundred millions digit of 347183716?
3
What is the hundreds digit of 79715330?
3
What is the thousands digit of 4365570316?
0
What is the millions digit of 2187843095?
7
What is the millions digit of 2706361213?
6
What is the tens digit of 1905013?
1
What is the millions digit of 904716686?
4
What is the units digit of 1350295887?
7
What is the hundred millions digit of 417594765?
4
What is the billions digit of 5422721818?
5
What is the hundreds digit of 6631994303?
3
What is the ten thousands digit of 566499028?
9
What is the hundreds digit of 2032035469?
4
What is the ten thousands digit of 877461705?
6
What is the tens digit of 8168409?
0
What is the billions digit of 4257781391?
4
What is the ten millions digit of 1183873006?
8
What is 